{"id":2114,"date":"2024-05-26T15:30:13","date_gmt":"2024-05-26T13:30:13","guid":{"rendered":"https:\/\/amanidonostia.com\/?page_id=2114"},"modified":"2025-11-24T13:25:46","modified_gmt":"2025-11-24T12:25:46","slug":"tarjetas-regalo","status":"publish","type":"page","link":"https:\/\/amanidonostia.com\/index.php\/tarjetas-regalo\/","title":{"rendered":"TARJETAS REGALO"},"content":{"rendered":"\t\t<div data-elementor-type=\"wp-page\" data-elementor-id=\"2114\" class=\"elementor elementor-2114\">\n\t\t\t\t<div class=\"elementor-element elementor-element-e4d4160 e-flex e-con-boxed e-con e-parent\" data-id=\"e4d4160\" data-element_type=\"container\" data-e-type=\"container\">\n\t\t\t\t\t<div class=\"e-con-inner\">\n\t\t\t\t<div class=\"elementor-element elementor-element-4977400 elementor-widget elementor-widget-text-editor\" data-id=\"4977400\" data-element_type=\"widget\" data-e-type=\"widget\" data-widget_type=\"text-editor.default\">\n\t\t\t\t<div class=\"elementor-widget-container\">\n\t\t\t\t\t\t\t\t\t<h2 style=\"text-align: center;\"><b>tarjetas regalo<\/b><\/h2>\t\t\t\t\t\t\t\t<\/div>\n\t\t\t\t<\/div>\n\t\t\t\t\t<\/div>\n\t\t\t\t<\/div>\n\t\t<div class=\"elementor-element elementor-element-1d92dca e-flex e-con-boxed e-con e-parent\" data-id=\"1d92dca\" data-element_type=\"container\" data-e-type=\"container\">\n\t\t\t\t\t<div class=\"e-con-inner\">\n\t\t\t\t<div class=\"elementor-element elementor-element-5946a21 elementor-widget elementor-widget-text-editor\" data-id=\"5946a21\" data-element_type=\"widget\" data-e-type=\"widget\" data-widget_type=\"text-editor.default\">\n\t\t\t\t<div class=\"elementor-widget-container\">\n\t\t\t\t\t\t\t\t\t<p style=\"text-align: center;\" data-start=\"383\" data-end=\"600\">En Amani creemos que un buen regalo es aquel que acompa\u00f1a, inspira y crea un momento para una misma. Por eso hemos creado nuestras <strong data-start=\"514\" data-end=\"533\">Tarjetas Regalo<\/strong>, pensadas para ofrecer bienestar de una forma sencilla y bonita.<\/p><p style=\"text-align: center;\" data-start=\"602\" data-end=\"909\">Puedes elegir entre <strong data-start=\"622\" data-end=\"642\">clases de prueba<\/strong>, bonos de <strong data-start=\"653\" data-end=\"673\">5 clases de yoga<\/strong> o <strong data-start=\"676\" data-end=\"697\">5 clases de Barre<\/strong>, para que cada persona encuentre el movimiento que m\u00e1s encaja con su momento vital.<br data-start=\"781\" data-end=\"784\" \/>Son flexibles, f\u00e1ciles de usar y v\u00e1lidas en todo nuestro horario. Un detalle consciente, con impacto y hecho desde el cari\u00f1o.<\/p>\t\t\t\t\t\t\t\t<\/div>\n\t\t\t\t<\/div>\n\t\t\t\t\t<\/div>\n\t\t\t\t<\/div>\n\t\t<div class=\"elementor-element elementor-element-dc32a5a e-flex e-con-boxed e-con e-parent\" data-id=\"dc32a5a\" data-element_type=\"container\" data-e-type=\"container\">\n\t\t\t\t\t<div class=\"e-con-inner\">\n\t\t\t\t<div class=\"elementor-element elementor-element-ce184bb elementor-widget elementor-widget-spacer\" data-id=\"ce184bb\" data-element_type=\"widget\" data-e-type=\"widget\" data-widget_type=\"spacer.default\">\n\t\t\t\t<div class=\"elementor-widget-container\">\n\t\t\t\t\t\t\t<div class=\"elementor-spacer\">\n\t\t\t<div class=\"elementor-spacer-inner\"><\/div>\n\t\t<\/div>\n\t\t\t\t\t\t<\/div>\n\t\t\t\t<\/div>\n\t\t\t\t\t<\/div>\n\t\t\t\t<\/div>\n\t\t<div class=\"elementor-element elementor-element-2ea039c e-flex e-con-boxed e-con e-parent\" data-id=\"2ea039c\" data-element_type=\"container\" data-e-type=\"container\">\n\t\t\t\t\t<div class=\"e-con-inner\">\n\t\t\t\t<div class=\"elementor-element elementor-element-95e4303 elementor-widget elementor-widget-shortcode\" data-id=\"95e4303\" data-element_type=\"widget\" data-e-type=\"widget\" data-widget_type=\"shortcode.default\">\n\t\t\t\t<div class=\"elementor-widget-container\">\n\t\t\t\t\t\t\t<div class=\"elementor-shortcode\"><div style=\"overflow:hidden !important; position:relative; padding-top:125vh;\">\n  <iframe style=\"position:absolute; \n          overflow-x:hidden !important; \n          height:100%; width:100%; \n          left:0;\n          top:0;\n          border:0;\" \n          frameborder=\"0\" \n          allowfullscreen \n          srcdoc='\n                  <script id=\"insert-bsport-widget-cdn\">!function (b, s, p, o, r, t) { !typeof window.BsportWidget !== \"undefined\" && !document.getElementById(\"bsport-widget-cdn\") && !function () { m = b.createElement(s), m.id = \"bsport-widget-cdn\", m.src = p, b.getElementsByTagName(\"head\")[0].appendChild(m) }() }(document, \"script\", \"https:\/\/cdn.bsport.io\/scripts\/widget.js\")<\/script>\n                    <script id=\"bsport-widget-mount\">\n                        function MountBsportWidget(config, repeat=1) {\n                            if (repeat > 50) { return }\n                            if (!window.BsportWidget) {\n                                return setTimeout(() => {\n                                    MountBsportWidget(config,repeat+1)\n                                }, 100 * repeat || 1)\n                            }\n                            BsportWidget.mount(config)\n                        }\n                    <\/script>\n                    <script>\n                        MountBsportWidget({\n                                \"parentElement\": \"bsport-widget-278758\",\n                                \"companyId\": 4844,\n                                \"franchiseId\": null,\n                                \"dialogMode\": 0,\n                                \"widgetType\": \"giftcard\", \n                                \"showFab\": false,\n                                \"fullScreenPopup\": false,\n                                \"styles\":undefined,\n                                \"config\": {\n                                    \"giftcard\": {                \"giftcards\": []}\n                                }  \n                            })\n                    <\/script>\n                <div id=\"bsport-widget-278758\"><\/div>\n'>\n  <\/iframe>\n<\/div><\/div>\n\t\t\t\t\t\t<\/div>\n\t\t\t\t<\/div>\n\t\t\t\t\t<\/div>\n\t\t\t\t<\/div>\n\t\t\t\t<\/div>\n\t\t","protected":false},"excerpt":{"rendered":"<p>tarjetas regalo En Amani creemos que un buen regalo es aquel que acompa\u00f1a, inspira y crea un momento para una misma. Por eso hemos creado nuestras Tarjetas Regalo, pensadas para ofrecer bienestar de una forma sencilla y bonita. Puedes elegir entre clases de prueba, bonos de 5 clases de yoga o 5 clases de Barre,&#8230;<\/p>\n","protected":false},"author":1,"featured_media":0,"parent":0,"menu_order":0,"comment_status":"closed","ping_status":"closed","template":"","meta":{"_seopress_robots_primary_cat":"","_seopress_titles_title":"","_seopress_titles_desc":"","_seopress_robots_index":"","_kad_post_transparent":"","_kad_post_title":"","_kad_post_layout":"","_kad_post_sidebar_id":"","_kad_post_content_style":"","_kad_post_vertical_padding":"","_kad_post_feature":"","_kad_post_feature_position":"","_kad_post_header":false,"_kad_post_footer":false,"_joinchat":[],"footnotes":""},"class_list":["post-2114","page","type-page","status-publish","hentry"],"amp_enabled":true,"_links":{"self":[{"href":"https:\/\/amanidonostia.com\/index.php\/wp-json\/wp\/v2\/pages\/2114"}],"collection":[{"href":"https:\/\/amanidonostia.com\/index.php\/wp-json\/wp\/v2\/pages"}],"about":[{"href":"https:\/\/amanidonostia.com\/index.php\/wp-json\/wp\/v2\/types\/page"}],"author":[{"embeddable":true,"href":"https:\/\/amanidonostia.com\/index.php\/wp-json\/wp\/v2\/users\/1"}],"replies":[{"embeddable":true,"href":"https:\/\/amanidonostia.com\/index.php\/wp-json\/wp\/v2\/comments?post=2114"}],"version-history":[{"count":26,"href":"https:\/\/amanidonostia.com\/index.php\/wp-json\/wp\/v2\/pages\/2114\/revisions"}],"predecessor-version":[{"id":3140,"href":"https:\/\/amanidonostia.com\/index.php\/wp-json\/wp\/v2\/pages\/2114\/revisions\/3140"}],"wp:attachment":[{"href":"https:\/\/amanidonostia.com\/index.php\/wp-json\/wp\/v2\/media?parent=2114"}],"curies":[{"name":"wp","href":"https:\/\/api.w.org\/{rel}","templated":true}]}}